t y(a) = -a - 6. Let m be y(-6). Let h(g) = -g - g + g**2 + 6*g + m*g. Determine h(r).
0
Let i(s) = -5*s**2 + 23*s - 18. Let t(k) = 2*k**2 - 11*k + 9. Let c(y) = -3*i(y) - 7*t(y). Let p(x) = x**3 - x**2 + 17*x + 38. Let q be p(-2). What is c(q)?
-9
Let u(t) = t + 7. Let d = -151 + 159. Give u(d).
15
Let y(a) = -a**2 - 1. Let q(v) = -v**3 + 3*v**2 + 10*v - 1. Let p(r) = -q(r) + 3*y(r). Give p(7).
-23
Let k(h) be the third derivative of -2/3*h**3 - 1/30*h**5 - 13*h - h**2 - 11/24*h**4 + 0. Calculate k(-7).
-25
Let j be 172/8 - -3 - 1/(-2). Let v be 65/j + -3 + 56/(-10). Let m(h) = -h**3 - 5*h**2 + 6*h - 7. Give m(v).
-7
Let y(g) = -g**3 - 17*g**2 - 18*g - 16. Let s = -917 - -901. What is y(s)?
16
Let b be (-1 - 42/2) + 3. Let x(f) = -f**3 - 19*f**2 + 20. What is x(b)?
20
Let t(h) = -h**3 + h**2 - 2*h + 1. Let x(z) = -7*z**3 + z**2 - 11*z + 7. Let v(g) = -6*t(g) + x(g). Calculate v(-5).
-4
Let l(n) = -241*n**2 + 481*n**2 - 7 + n - 239*n**2. Determine l(0).
-7
Let w(x) = x**3 + 6*x**2 + 10*x + 14. Let d be w(-2). Let a(o) = -o**2 + 10*o - 6. Give a(d).
-6
Let z(y) = 3*y**2 + 3*y + 1. Let p(b) = b - 5. Let u be p(3). What is z(u)?
7
Let s(g) = g + 22. Suppose 4*z - 2*c = -8, 5*z + 3*c = 4 + 8. What is s(z)?
22
Let s(k) = -k**3 - 9*k**2 + 11*k + 1. Let j be -9 - (-5 - -13 - 7). Calculate s(j).
-9
Suppose -4*k + 0*k - 28 = 2*g, -4*g - 8 = 0. Let s(b) = -b**2 - 6*b. Calculate s(k).
0
Let y(n) = -n**3 - 5*n**2 - 6*n - 3. Let v be (9 - 8) + (-32)/2. Let h = v - -11. Let r be 210/(-56) + 1/h. What is y(r)?
5
Let p(h) = 9*h**2 + 8*h**2 - 30*h**2 + 12*h**2 - 4 - 4*h + 3*h**2. Give p(-2).
12
Let i(x) = -x**2 + 12*x**2 + 1 - 7*x**2 - 5*x**2 + 10*x. Calculate i(9).
10
Suppose j + 1 = 0, 4*j - 3 = -3*l - 13. Let z(g) = -g - 1. Determine z(l).
1
Let s(p) = -2*p + 1. Let g(i) = 2*i. Let x(b) = 6*g(b) + 5*s(b). Let m = 53 + -39. Let r(c) = -10*c - 24. Let t(h) = m*x(h) + 3*r(h). What is t(-5)?
8
Let k be (-74)/(-19) - 5/95*-2. Let m(r) be the first derivative of 2*r**3/3 - 7*r**2/2 + 5*r + 1. Calculate m(k).
9
Let j(i) = i**2 + 7*i - 9. Let c be 0 - 1 - (-8 + 15). Calculate j(c).
-1
Let j(g) = g**3 - 4*g**2 + g - 2. Let y be 6 + (-1*(4 - 2) - 0). Give j(y).
2
Let g(f) = 3 - 69*f**2 + 33*f**2 - 8*f + 41*f**2 + 0 - f**3. What is g(3)?
-3
Let u(t) be the third derivative of -2/3*t**3 + 0 + 10*t**2 + 1/24*t**4 + 0*t. Calculate u(5).
1
Let v(j) = 4*j - 2. Let b = -197 - -304. Let k = b - 110. What is v(k)?
-14
Let u(x) = -x**2 + 2*x + 2. Let p(m) = m**3 + 7*m**2 + 7. Let l be p(-7). Let w be (-36)/(-14) - 4/l. Suppose w*f - 3 = 3. Give u(f).
-1
Let y be (13/(-4) - -3)*4. Let x be -9*(y/3 - 0). Let c(r) be the second derivative of r**5/20 - r**4/4 + 3*r**2/2 + 14*r. Determine c(x).
3
Let q(o) be the third derivative of -o**4/6 - 7*o**3/6 - o**2. What is q(-5)?
13
Let s(y) = 7*y**2 + 4*y + 5. Let f = 1368 + -1370. What is s(f)?
25
Let p(f) = 7*f**3 + f - 4. Let j(y) = y**3 - 1. Let d = -2 + 1. Let a(i) = d*p(i) + 4*j(i). Let c(s) = -s**3 - 5*s**2 + 6*s + 1. Let t be c(-6). Determine a(t).
-4
Let u(w) = -2*w**2 - 6*w - 3. Let l be u(-2). Let a be (-28)/(-10) + l/5. Let b(v) = -2*v + 2 + a*v - 3*v + 5*v. Give b(-3).
-7
Let v(w) = 0 + 9*w - 8*w - 1 + 5*w. Give v(5).
29
Let n = 647 - 664. Let l(f) = -f**3 - 18*f**2 - 18*f - 18. Calculate l(n).
-1
Let i(g) = g - 2. Let b be 3 - (1 + 4/(-8)*-2). Suppose -3*h - b + 1 = 0. Determine i(h).
-2
Suppose -4*u + 0*u - 42 = -2*z, 3*u = 2*z - 33. Let o(q) = q**3 + 8*q**2 - 6*q + 7. What is o(u)?
-20
Suppose -4*i - 4*a - 6 = i, 2*a = 2. Let g be i + 4 + 10/(-5). Let j(c) be the third derivative of c**4/24 - 2*c**3 - c**2. Give j(g).
-12
Let r = 13 - -4. Suppose -r*w + 13*w + 4 = 0. Let y(k) = 2*k**2 + 5. Let l(f) = -1. Let d(o) = 5*l(o) + y(o). Calculate d(w).
2
Let n(w) = 2*w**3. Suppose 5*s + 4*v = 86, 4*s = -0*s + 2*v + 48. Let c = -6 - -3. Let g be (s/6 - 2)*c. Determine n(g).
-2
Let u(x) = 3*x**2 + 5 - 11 + 2. Give u(2).
8
Suppose 3*g - 10 = 2. Suppose 0*a - 26 = -g*a - 2*x, a + 10 = 5*x. Let u(f) = f + 1. What is u(a)?
6
Suppose 0 = 2*k + k. Let m = k + 3. Suppose 3*a - d - 2*d = -m, 0 = -d. Let n(r) = -13*r**2 + r + 1. Determine n(a).
-13
Let l(j) = -15*j - 6. Let g(s) = -10*s - 4. Suppose 7 - 37 = 5*i - w, -5*i - 3*w = 10. Let h(b) = i*l(b) + 7*g(b). Calculate h(2).
12
Let f(j) be the first derivative of j**2/2 - 5*j + 1. Let k be f(5). Let n(d) = -d**3 + 15. Let h(s) = 2. Let w(g) = h(g) - n(g). Determine w(k).
-13
Let x(q) = -5*q**3 + q + 1. Let b = -84 - -86. Suppose 0 = -b*d + 22 - 24. Determine x(d).
5
Suppose 205 = -38*w - 99. Let u(f) = -2*f + 10 + 6*f - 2*f. What is u(w)?
-6
Let x = 1461 - 1455. Let n(c) = -c**3 + 5*c**2 + 3*c. What is n(x)?
-18
Let v(r) = -11*r**3 - 19*r**2 - 3*r - 1. Let g(i) = 5*i**3 + 9*i**2 + 2*i + 1. Let h(q) = -9*g(q) - 4*v(q). Determine h(-4).
3
Let q(j) = 10*j - 68. Let p be q(7). Let w(b) = -4*b + 1. Determine w(p).
-7
Let i(c) = 3*c - 29. Let t(m) = -m + 58 + 4*m - 8*m. Let z(w) = -11*i(w) - 6*t(w). Let n be z(-12). Let b(o) = -2*o + 4. What is b(n)?
-10
Let t = 8 + -15. Let v(k) = -k**2 + 1. Suppose 4*j - 6 = -2*a, 2 = -a - 3*j + 6. Let q(l) = -2*l**2 + 8*l + 8. Let d(b) = a*q(b) - 3*v(b). Give d(t).
-2
Let o(n) be the second derivative of -n**5/120 + 5*n**4/8 - n**3 + 2*n. Let q(u) be the second derivative of o(u). Determine q(7).
8
Let p(d) be the first derivative of -d**4/4 + d**3/3 + 2*d**2 - 4*d - 35. Let g(f) be the first derivative of -f**2/2 + 10*f + 1. Let t be g(7). What is p(t)?
-10
Suppose 5*b = 2*b - 18. Suppose -3*l + 0*l - 4*u - 6 = 0, -2*l = 2*u + 2. Let t(p) = -l + p + 5 + 3 - 2. What is t(b)?
-2
Suppose c - 3 = -1. Let f(d) be the first derivative of -d**2/2 - d - 82. Calculate f(c).
-3
Let y(h) = h. Let s be (-6)/21*(-27 + 5 - -1). Let w(g) be the first derivative of g**4/4 - 4*g**3/3 - 7*g**2 + 7*g + 2. Let b be w(s). Give y(b).
-5
Let h(c) = -2*c**2 + c + 1. Let k(r) = -7*r**2 + 14*r - 9. Let m(t) = -4*h(t) + k(t). What is m(-11)?
-2
Let r = -80 - -82. Suppose 8*c - r*c + 6 = 0. Let w(o) = -8*o**3 + 0*o**3 - 2*o**3. What is w(c)?
10
Let k(h) = 4*h - 7. Let m(f) = -3*f**2 - 22*f - 6. Let a be m(-7). Let i be (a/(-2))/(-2 + 63/30). Determine k(i).
-27
Suppose -2*p + 12 = -6. Let c(j) = -j**2 + 11*j**3 - p*j**3 + j + 3*j**2. Suppose 2*d = -6*t + 2*t - 12, -t - 13 = 3*d. Give c(t).
-1
Let h(r) = 3*r - 7. Suppose 15 = -3*f - 3*k, k - 6*k + 5 = -5*f. Let u be 1 - -7*(-2 + 3). Let t = f + u. Calculate h(t).
8
Let f(w) = -w**2 + 18*w + 6. Let i be 18*(8 - (8 + -1)). Give f(i).
6
Suppose -104*q + 100*q - 336 = 0. Let b = 75 + q. Let g(a) = a**3 + 10*a**2 + 11*a + 9. Determine g(b).
-9
Suppose 4*g + 1 = 3*h, 5*g + 21 = 1. Let l be 20/6*12/h. Let r(t) = t**3 + 9*t**2 + 8*t - 5. Let x be r(l). Let n(f) = 3*f + 6. Give n(x).
-9
Let m(o) = 1 + 2*o + 8*o**3 + 0 - 5 + 5*o**2. Let r(x) = -x**2 + 1. Let l(f) = -m(f) - 5*r(f). Let i = -1756 - -1755. Determine l(i).
9
Let d(k) be the third derivative of 8*k**2 + 0*k**4 + 0 + 0*k + 1/60*k**5 - 1/6*k**3. Calculate d(-1).
0
Suppose -5*d - 19 - 6 = 0. Let w be (1 + 1 + 1)*-1. Let a(i) = -5*i - 2. Let h(n) = n + 1. Let r(b) = w*h(b) - a(b). What is r(d)?
-11
Let d(w) = -w**3 - 6*w**2 - 2*w + 17. Let f be d(-5). Let o(x) = 50 + 5*x**f + x - x**3 - 20 - 14 - 14. What is o(5)?
7
Let a(p) = 2*p**2 + 5 + 1 - 11*p - 5. Let g(k) = -k**2 + k - 1. Let f(t) = -a(t) - 3*g(t). Calculate f(-6).
-10
Let s(h) = -15*h - 18. Let n(g) = 5*g + 6. Let w(t) = -8*n(t) - 3*s(t). Calculate w(-4).
-14
Let c(t) = -250 - t**3 + 247 - 8*t + 7*t**2 + 0*t**3. Let y be 64/10 + (-6)/15. Calculate c(y).
-15
Let l(i) be the first derivative of -i**4/4 - 8*i**3/3 - 5*i**2 - 8*i - 3. Suppose -r + 10 = 16. Give l(r).
-20
Let t be 4 + (6/(-6) - -3). Let n(p) = p**2 - 4. Give n(t).
32
Let q(m) = 6*m**3 + 2*m + 1. Let l = -43 - -12. Let y = -158 - -126. Let t = y - l. Calculate q(t).
-7
Let q(w) be the second derivative of w**3/6 + w. Let h be (70/6)/(175/105). What is q(h)?
7
Let v(q) be the first derivative of q**2/2 - 2*q + 122. Give v(-4).
-6
Let s(i) be the first derivative of i**5/60 + i**4/12 + i**3/2 + 15*i**2 + 20. Let j(o) be the second derivative of s(o). Let l be 8/6*6/(-4). Determine j(l).
3
Let b(r) = 1 + 0 - r + 1 + 3. Let q = -13 - -22. Let d = q + -5. Give b(d).
1